{"id":2035,"date":"2025-10-03T17:12:15","date_gmt":"2025-10-03T17:12:15","guid":{"rendered":"https:\/\/hazanli.com\/?page_id=2035"},"modified":"2025-10-29T15:15:56","modified_gmt":"2025-10-29T15:15:56","slug":"hakkimizda","status":"publish","type":"page","link":"https:\/\/hazanli.com\/index.php\/hakkimizda\/","title":{"rendered":"Hakk\u0131m\u0131zda"},"content":{"rendered":"\n<p>2007 y\u0131l\u0131nda ba\u015flad\u0131\u011f\u0131m\u0131z &#8220;gezgin ar\u0131c\u0131l\u0131k&#8221; ser\u00fcvenimize her ge\u00e7en y\u0131lla beraber kalitemize kalite, tecr\u00fcbemize tecr\u00fcbe katarak yolumuza devam etmekteyiz. Gezgin ar\u0131c\u0131l\u0131k: Nektar ak\u0131m\u0131 ve hava ko\u015fullar\u0131na ba\u011fl\u0131 olarak y\u0131lda en az 2,3 defa yap\u0131lan ar\u0131 konaklama b\u00f6lgesinin de\u011fi\u015ftirilmesidir. Yap\u0131lan bu de\u011fi\u015fiklikler, bazen verimi ve kaliteyi art\u0131rmak i\u00e7indir, bazen de ar\u0131lar\u0131n ya\u015fam ko\u015fullar\u0131n\u0131 iyile\u015ftirmek i\u00e7indir.<\/p>\n\n\n\n<p>Ge\u00e7mi\u015ften g\u00fcn\u00fcm\u00fcze : Sekt\u00f6re ilk ba\u015flad\u0131\u011f\u0131m\u0131z zamanlarda, ar\u0131c\u0131l\u0131k sadece hayat\u0131m\u0131z\u0131 idame etmek i\u00e7in bir u\u011fra\u015f alan\u0131ndan ibaretti. Dolay\u0131s\u0131yla kaliteli \u00fcretim standardlar\u0131ndan tamamen bihaber \u00fcretim yapard\u0131k, ar\u0131lar\u0131m\u0131z\u0131n konaklamas\u0131n\u0131 geli\u015fi g\u00fczel yerlerde yapard\u0131k, ar\u0131 bitkilerinin ve \u00e7evre fakt\u00f6r\u00fcn\u00fcn bal \u00fczerindeki etkisinin bilincinde de\u011fildik, tek bir ama\u00e7 vard\u0131: olabildi\u011fince fazla \u00fcretim ve sat\u0131\u015f yaparak gelir elde etmek&#8230; Zamanla bir gelir kap\u0131s\u0131ndan ziyade, bir meslek haline geldi, mesle\u011fimizi profesyonel bir \u015fekilde yapmaya karar verip, ar\u0131 ve ar\u0131 \u00fcr\u00fcnleri, hakk\u0131nda ara\u015ft\u0131rmalara yo\u011funla\u015ft\u0131k. Yapt\u0131\u011f\u0131m\u0131z ara\u015ft\u0131rmalar neticesinde; rak\u0131m, ar\u0131 bitkileri, hava ko\u015fullar\u0131 gibi bal\u0131n kalitesine do\u011frudan etki eden fakt\u00f6rler hakk\u0131nda bilgiler edindik. B\u00f6ylelikle, daha bilin\u00e7li ve kalite odakl\u0131 \u00fcretim a\u015famas\u0131na ge\u00e7erek m\u00fc\u015fteri potansiyelimizi \u00f6nemli \u00f6l\u00e7\u00fcde art\u0131rd\u0131k. <\/p>\n\n\n\n<p>\u00dcr\u00fcnlerimizi kendi markam\u0131z ad\u0131 alt\u0131nda pazarlamaya g\u00f6t\u00fcren s\u00fcre\u00e7 :2007 ile 2022 y\u0131llar\u0131 aras\u0131nda, \u00e7e\u015fitli firmalar\u0131n tedarik\u00e7isi olarak \u00fcretim yapt\u0131k.Dolay\u0131s\u0131yla \u00fcretti\u011fimiz \u00fcr\u00fcnlerimizin %90&#8217;l\u0131k b\u00f6l\u00fcm\u00fc tedarik\u00e7ili\u011fini yapt\u0131\u011f\u0131m\u0131z firmalara pazarland\u0131. Kalan %10&#8217;luk k\u0131sm\u0131n\u0131 ise bireysel m\u00fc\u015fterilerimize sunduk. 2022 y\u0131l\u0131 itibariyle, tedarik\u00e7ili\u011fini yapt\u0131\u011f\u0131m\u0131z firmalar ve bireysel m\u00fc\u015fterilermizin \u00fcr\u00fcnlerimiz hakk\u0131ndaki d\u00fc\u015f\u00fcncelerinin analizi, edindi\u011fimiz bilgi-birikim ile kaliteli bal \u00fcretim kriterlerine hakim olmam\u0131z, yapm\u0131\u015f oldu\u011fumuz m\u00fc\u015fteri memnuniyeti odakl\u0131 \u00fcretimle bireysel m\u00fc\u015fteri potansiyelimizin artmas\u0131,Bing\u00f6l Bal\u0131n\u0131n d\u00fcnya \u00e7ap\u0131nda ald\u0131\u011f\u0131 \u00f6d\u00fcllerle bilinirli\u011finin artmas\u0131 ve uluslararas\u0131 pazarlara eri\u015fim imkan\u0131, Bing\u00f6l Bal\u0131n\u0131n co\u011frafi i\u015faretli \u00fcr\u00fcn olarak tescillenmesi&#8230; Bizi kendi markam\u0131z\u0131 kurmam\u0131z\u0131 ve \u00fcr\u00fcnlerimizi kendi markam\u0131z ad\u0131 alt\u0131nda pazarlamaya te\u015fvik etti.<\/p>\n","protected":false},"excerpt":{"rendered":"<p>2007 y\u0131l\u0131nda ba\u015flad\u0131\u011f\u0131m\u0131z &#8220;gezgin ar\u0131c\u0131l\u0131k&#8221; ser\u00fcvenimize her ge\u00e7en y\u0131lla beraber kalitemize kalite, tecr\u00fcbemize tecr\u00fcbe katarak yolumuza devam etmekteyiz. Gezgin ar\u0131c\u0131l\u0131k: Nektar ak\u0131m\u0131 ve hava ko\u015fullar\u0131na &hellip;<\/p>\n","protected":false},"author":1,"featured_media":0,"parent":0,"menu_order":0,"comment_status":"closed","ping_status":"closed","template":"","meta":{"_seopress_robots_primary_cat":"","_seopress_titles_title":"","_seopress_titles_desc":"","_seopress_robots_index":"","om_disable_all_campaigns":false,"_monsterinsights_skip_tracking":false,"_monsterinsights_sitenote_active":false,"_monsterinsights_sitenote_note":"","_monsterinsights_sitenote_category":0,"_mbp_gutenberg_autopost":false,"footnotes":""},"class_list":["post-2035","page","type-page","status-publish","hentry"],"jetpack_sharing_enabled":true,"_links":{"self":[{"href":"https:\/\/hazanli.com\/index.php\/wp-json\/wp\/v2\/pages\/2035","targetHints":{"allow":["GET"]}}],"collection":[{"href":"https:\/\/hazanli.com\/index.php\/wp-json\/wp\/v2\/pages"}],"about":[{"href":"https:\/\/hazanli.com\/index.php\/wp-json\/wp\/v2\/types\/page"}],"author":[{"embeddable":true,"href":"https:\/\/hazanli.com\/index.php\/wp-json\/wp\/v2\/users\/1"}],"replies":[{"embeddable":true,"href":"https:\/\/hazanli.com\/index.php\/wp-json\/wp\/v2\/comments?post=2035"}],"version-history":[{"count":3,"href":"https:\/\/hazanli.com\/index.php\/wp-json\/wp\/v2\/pages\/2035\/revisions"}],"predecessor-version":[{"id":2443,"href":"https:\/\/hazanli.com\/index.php\/wp-json\/wp\/v2\/pages\/2035\/revisions\/2443"}],"wp:attachment":[{"href":"https:\/\/hazanli.com\/index.php\/wp-json\/wp\/v2\/media?parent=2035"}],"curies":[{"name":"wp","href":"https:\/\/api.w.org\/{rel}","templated":true}]}}